{"id":899,"date":"2025-05-14T19:21:14","date_gmt":"2025-05-14T19:21:14","guid":{"rendered":"https:\/\/contabilidadecavalcante.com.br\/home\/?page_id=899"},"modified":"2025-05-14T21:06:05","modified_gmt":"2025-05-14T21:06:05","slug":"contabilidade-digital-para-negocios","status":"publish","type":"page","link":"https:\/\/contabilidadecavalcante.com.br\/home\/contabilidade-digital-para-negocios\/","title":{"rendered":"Contato"},"content":{"rendered":"\t\t<div data-elementor-type=\"wp-page\" data-elementor-id=\"899\" class=\"elementor elementor-899\" data-elementor-post-type=\"page\">\n\t\t\t\t<div class=\"elementor-element elementor-element-ee382fb e-flex e-con-boxed e-con e-parent\" data-id=\"ee382fb\" data-element_type=\"container\" data-e-type=\"container\" data-settings=\"{&quot;background_background&quot;:&quot;classic&quot;}\">\n\t\t\t\t\t<div class=\"e-con-inner\">\n\t\t<div class=\"elementor-element elementor-element-dabb84a e-con-full e-flex e-con e-child\" data-id=\"dabb84a\" data-element_type=\"container\" data-e-type=\"container\">\n\t\t\t\t<div class=\"elementor-element elementor-element-6675c9f elementor-widget elementor-widget-heading\" data-id=\"6675c9f\" data-element_type=\"widget\" data-e-type=\"widget\" data-widget_type=\"heading.default\">\n\t\t\t\t<div class=\"elementor-widget-container\">\n\t\t\t\t\t<h1 class=\"elementor-heading-title elementor-size-default\">Fale com uma Contabilidade Online\n<\/h1>\t\t\t\t<\/div>\n\t\t\t\t<\/div>\n\t\t\t\t<div class=\"elementor-element elementor-element-cfe0cc3 elementor-widget elementor-widget-text-editor\" data-id=\"cfe0cc3\" data-element_type=\"widget\" data-e-type=\"widget\" data-widget_type=\"text-editor.default\">\n\t\t\t\t<div class=\"elementor-widget-container\">\n\t\t\t\t\t\t\t\t\t<p class=\"text-align-left\">Seja bem-vindo(a) \u00e0 Cavalcante Contabilidade!<\/p><p class=\"text-align-left\">Falta pouco para nos tornarmos parceiros no cuidado com a sua empresa! Conte com a gente em todos os passos.<\/p>\t\t\t\t\t\t\t\t<\/div>\n\t\t\t\t<\/div>\n\t\t\t\t<div class=\"elementor-element elementor-element-0fe1b22 elementor-button-align-start elementor-widget elementor-widget-form\" data-id=\"0fe1b22\" data-element_type=\"widget\" data-e-type=\"widget\" data-settings=\"{&quot;step_next_label&quot;:&quot;Next&quot;,&quot;step_previous_label&quot;:&quot;Previous&quot;,&quot;button_width&quot;:&quot;100&quot;,&quot;step_type&quot;:&quot;number_text&quot;,&quot;step_icon_shape&quot;:&quot;circle&quot;}\" data-widget_type=\"form.default\">\n\t\t\t\t<div class=\"elementor-widget-container\">\n\t\t\t\t\t\t\t<form class=\"elementor-form\" method=\"post\" name=\"Contato Site Cavalcante\" aria-label=\"Contato Site Cavalcante\">\n\t\t\t<input type=\"hidden\" name=\"post_id\" value=\"899\"\/>\n\t\t\t<input type=\"hidden\" name=\"form_id\" value=\"0fe1b22\"\/>\n\t\t\t<input type=\"hidden\" name=\"referer_title\" value=\"Contabilidade Digital para Neg\u00f3cios Online\" \/>\n\n\t\t\t\n\t\t\t<div class=\"elementor-form-fields-wrapper elementor-labels-above\">\n\t\t\t\t\t\t\t\t<div class=\"elementor-field-type-text elementor-field-group elementor-column elementor-field-group-nome elementor-col-100\">\n\t\t\t\t\t\t\t\t\t\t\t\t<label for=\"form-field-nome\" class=\"elementor-field-label\">\n\t\t\t\t\t\t\t\tNome\t\t\t\t\t\t\t<\/label>\n\t\t\t\t\t\t\t\t\t\t\t\t\t\t<input size=\"1\" type=\"text\" name=\"form_fields[nome]\" id=\"form-field-nome\" class=\"elementor-field elementor-size-sm  elementor-field-textual\">\n\t\t\t\t\t\t\t\t\t\t\t<\/div>\n\t\t\t\t\t\t\t\t<div class=\"elementor-field-type-email elementor-field-group elementor-column elementor-field-group-email elementor-col-100 elementor-field-required\">\n\t\t\t\t\t\t\t\t\t\t\t\t<label for=\"form-field-email\" class=\"elementor-field-label\">\n\t\t\t\t\t\t\t\tEmail\t\t\t\t\t\t\t<\/label>\n\t\t\t\t\t\t\t\t\t\t\t\t\t\t<input size=\"1\" type=\"email\" name=\"form_fields[email]\" id=\"form-field-email\" class=\"elementor-field elementor-size-sm  elementor-field-textual\" required=\"required\">\n\t\t\t\t\t\t\t\t\t\t\t<\/div>\n\t\t\t\t\t\t\t\t<div class=\"elementor-field-type-tel elementor-field-group elementor-column elementor-field-group-Telefone elementor-col-100\">\n\t\t\t\t\t\t\t\t\t\t\t\t<label for=\"form-field-Telefone\" class=\"elementor-field-label\">\n\t\t\t\t\t\t\t\tTelefone\t\t\t\t\t\t\t<\/label>\n\t\t\t\t\t\t\t\t<input size=\"1\" type=\"tel\" name=\"form_fields[Telefone]\" id=\"form-field-Telefone\" class=\"elementor-field elementor-size-sm  elementor-field-textual\" pattern=\"[0-9()#&amp;+*-=.]+\" title=\"Only numbers and phone characters (#, -, *, etc) are accepted.\">\n\n\t\t\t\t\t\t<\/div>\n\t\t\t\t\t\t\t\t<div class=\"elementor-field-type-text elementor-field-group elementor-column elementor-field-group-Mensagem elementor-col-100\">\n\t\t\t\t\t\t\t\t\t\t\t\t<label for=\"form-field-Mensagem\" class=\"elementor-field-label\">\n\t\t\t\t\t\t\t\tMensagem\t\t\t\t\t\t\t<\/label>\n\t\t\t\t\t\t\t\t\t\t\t\t\t\t<input size=\"1\" type=\"text\" name=\"form_fields[Mensagem]\" id=\"form-field-Mensagem\" class=\"elementor-field elementor-size-sm  elementor-field-textual\">\n\t\t\t\t\t\t\t\t\t\t\t<\/div>\n\t\t\t\t\t\t\t\t<div class=\"elementor-field-group elementor-column elementor-field-type-submit elementor-col-100 e-form__buttons\">\n\t\t\t\t\t<button class=\"elementor-button elementor-size-sm elementor-animation-grow\" type=\"submit\">\n\t\t\t\t\t\t<span class=\"elementor-button-content-wrapper\">\n\t\t\t\t\t\t\t\t\t\t\t\t\t\t\t\t\t\t\t\t\t\t<span class=\"elementor-button-text\">Enviar Mensagem<\/span>\n\t\t\t\t\t\t\t\t\t\t\t\t\t<\/span>\n\t\t\t\t\t<\/button>\n\t\t\t\t<\/div>\n\t\t\t<\/div>\n\t\t<\/form>\n\t\t\t\t\t\t<\/div>\n\t\t\t\t<\/div>\n\t\t\t\t<\/div>\n\t\t<div class=\"elementor-element elementor-element-c0f964e e-con-full e-flex e-con e-child\" data-id=\"c0f964e\" data-element_type=\"container\" data-e-type=\"container\" data-settings=\"{&quot;background_background&quot;:&quot;classic&quot;}\">\n\t\t\t\t<div class=\"elementor-element elementor-element-4bb0a7b elementor-widget elementor-widget-heading\" data-id=\"4bb0a7b\" data-element_type=\"widget\" data-e-type=\"widget\" data-widget_type=\"heading.default\">\n\t\t\t\t<div class=\"elementor-widget-container\">\n\t\t\t\t\t<p class=\"elementor-heading-title elementor-size-default\">Ou entre em contato conosco!\n<\/p>\t\t\t\t<\/div>\n\t\t\t\t<\/div>\n\t\t\t\t<div class=\"elementor-element elementor-element-88d4e01 elementor-position-inline-start elementor-view-default elementor-mobile-position-block-start elementor-widget elementor-widget-icon-box\" data-id=\"88d4e01\" data-element_type=\"widget\" data-e-type=\"widget\" data-widget_type=\"icon-box.default\">\n\t\t\t\t<div class=\"elementor-widget-container\">\n\t\t\t\t\t\t\t<div class=\"elementor-icon-box-wrapper\">\n\n\t\t\t\t\t\t<div class=\"elementor-icon-box-icon\">\n\t\t\t\t<span  class=\"elementor-icon\">\n\t\t\t\t<i aria-hidden=\"true\" class=\"icon icon-pushpin\"><\/i>\t\t\t\t<\/span>\n\t\t\t<\/div>\n\t\t\t\n\t\t\t\t\t\t<div class=\"elementor-icon-box-content\">\n\n\t\t\t\t\t\t\t\t\t<p class=\"elementor-icon-box-title\">\n\t\t\t\t\t\t<span  >\n\t\t\t\t\t\t\tRua Sargento Ant\u00f4nio Vieira N\u00f3ia, 275  Itapevi, SP - 06693-080\t\t\t\t\t\t<\/span>\n\t\t\t\t\t<\/p>\n\t\t\t\t\n\t\t\t\t\n\t\t\t<\/div>\n\t\t\t\n\t\t<\/div>\n\t\t\t\t\t\t<\/div>\n\t\t\t\t<\/div>\n\t\t\t\t<div class=\"elementor-element elementor-element-af9a5ae elementor-position-inline-start elementor-view-default elementor-mobile-position-block-start elementor-widget elementor-widget-icon-box\" data-id=\"af9a5ae\" data-element_type=\"widget\" data-e-type=\"widget\" data-widget_type=\"icon-box.default\">\n\t\t\t\t<div class=\"elementor-widget-container\">\n\t\t\t\t\t\t\t<div class=\"elementor-icon-box-wrapper\">\n\n\t\t\t\t\t\t<div class=\"elementor-icon-box-icon\">\n\t\t\t\t<a href=\"https:\/\/wa.me\/5511991191438?text=Ola,%20vim%20do%20site%20e%20gostaria%20de%20conhecer%20as%20solu%C3%A7%C3%B5es%20da%20Cavalcante%20Contabilidade\" class=\"elementor-icon\" tabindex=\"-1\" aria-label=\"011991191438\">\n\t\t\t\t<svg aria-hidden=\"true\" class=\"e-font-icon-svg e-fab-whatsapp\" viewBox=\"0 0 448 512\" xmlns=\"http:\/\/www.w3.org\/2000\/svg\"><path d=\"M380.9 97.1C339 55.1 283.2 32 223.9 32c-122.4 0-222 99.6-222 222 0 39.1 10.2 77.3 29.6 111L0 480l117.7-30.9c32.4 17.7 68.9 27 106.1 27h.1c122.3 0 224.1-99.6 224.1-222 0-59.3-25.2-115-67.1-157zm-157 341.6c-33.2 0-65.7-8.9-94-25.7l-6.7-4-69.8 18.3L72 359.2l-4.4-7c-18.5-29.4-28.2-63.3-28.2-98.2 0-101.7 82.8-184.5 184.6-184.5 49.3 0 95.6 19.2 130.4 54.1 34.8 34.9 56.2 81.2 56.1 130.5 0 101.8-84.9 184.6-186.6 184.6zm101.2-138.2c-5.5-2.8-32.8-16.2-37.9-18-5.1-1.9-8.8-2.8-12.5 2.8-3.7 5.6-14.3 18-17.6 21.8-3.2 3.7-6.5 4.2-12 1.4-32.6-16.3-54-29.1-75.5-66-5.7-9.8 5.7-9.1 16.3-30.3 1.8-3.7.9-6.9-.5-9.7-1.4-2.8-12.5-30.1-17.1-41.2-4.5-10.8-9.1-9.3-12.5-9.5-3.2-.2-6.9-.2-10.6-.2-3.7 0-9.7 1.4-14.8 6.9-5.1 5.6-19.4 19-19.4 46.3 0 27.3 19.9 53.7 22.6 57.4 2.8 3.7 39.1 59.7 94.8 83.8 35.2 15.2 49 16.5 66.6 13.9 10.7-1.6 32.8-13.4 37.4-26.4 4.6-13 4.6-24.1 3.2-26.4-1.3-2.5-5-3.9-10.5-6.6z\"><\/path><\/svg>\t\t\t\t<\/a>\n\t\t\t<\/div>\n\t\t\t\n\t\t\t\t\t\t<div class=\"elementor-icon-box-content\">\n\n\t\t\t\t\t\t\t\t\t<p class=\"elementor-icon-box-title\">\n\t\t\t\t\t\t<a href=\"https:\/\/wa.me\/5511991191438?text=Ola,%20vim%20do%20site%20e%20gostaria%20de%20conhecer%20as%20solu%C3%A7%C3%B5es%20da%20Cavalcante%20Contabilidade\" >\n\t\t\t\t\t\t\t011991191438\t\t\t\t\t\t<\/a>\n\t\t\t\t\t<\/p>\n\t\t\t\t\n\t\t\t\t\n\t\t\t<\/div>\n\t\t\t\n\t\t<\/div>\n\t\t\t\t\t\t<\/div>\n\t\t\t\t<\/div>\n\t\t\t\t<div class=\"elementor-element elementor-element-8e7b0ea elementor-position-inline-start elementor-view-default elementor-mobile-position-block-start elementor-widget elementor-widget-icon-box\" data-id=\"8e7b0ea\" data-element_type=\"widget\" data-e-type=\"widget\" data-widget_type=\"icon-box.default\">\n\t\t\t\t<div class=\"elementor-widget-container\">\n\t\t\t\t\t\t\t<div class=\"elementor-icon-box-wrapper\">\n\n\t\t\t\t\t\t<div class=\"elementor-icon-box-icon\">\n\t\t\t\t<a href=\"http:\/\/01147739626\" class=\"elementor-icon\" tabindex=\"-1\" aria-label=\"01147739626\">\n\t\t\t\t<i aria-hidden=\"true\" class=\"icon icon-phone-call1\"><\/i>\t\t\t\t<\/a>\n\t\t\t<\/div>\n\t\t\t\n\t\t\t\t\t\t<div class=\"elementor-icon-box-content\">\n\n\t\t\t\t\t\t\t\t\t<p class=\"elementor-icon-box-title\">\n\t\t\t\t\t\t<a href=\"http:\/\/01147739626\" >\n\t\t\t\t\t\t\t01147739626\t\t\t\t\t\t<\/a>\n\t\t\t\t\t<\/p>\n\t\t\t\t\n\t\t\t\t\n\t\t\t<\/div>\n\t\t\t\n\t\t<\/div>\n\t\t\t\t\t\t<\/div>\n\t\t\t\t<\/div>\n\t\t\t\t<div class=\"elementor-element elementor-element-95bdb6b elementor-position-inline-start elementor-view-default elementor-mobile-position-block-start elementor-widget elementor-widget-icon-box\" data-id=\"95bdb6b\" data-element_type=\"widget\" data-e-type=\"widget\" data-widget_type=\"icon-box.default\">\n\t\t\t\t<div class=\"elementor-widget-container\">\n\t\t\t\t\t\t\t<div class=\"elementor-icon-box-wrapper\">\n\n\t\t\t\t\t\t<div class=\"elementor-icon-box-icon\">\n\t\t\t\t<span  class=\"elementor-icon\">\n\t\t\t\t<i aria-hidden=\"true\" class=\"icon icon-pushpin\"><\/i>\t\t\t\t<\/span>\n\t\t\t<\/div>\n\t\t\t\n\t\t\t\t\t\t<div class=\"elementor-icon-box-content\">\n\n\t\t\t\t\t\t\t\t\t<p class=\"elementor-icon-box-title\">\n\t\t\t\t\t\t<span  >\n\t\t\t\t\t\t\tRua Sargento Ant\u00f4nio Vieira N\u00f3ia, 275  Itapevi, SP - 06693-080\t\t\t\t\t\t<\/span>\n\t\t\t\t\t<\/p>\n\t\t\t\t\n\t\t\t\t\n\t\t\t<\/div>\n\t\t\t\n\t\t<\/div>\n\t\t\t\t\t\t<\/div>\n\t\t\t\t<\/div>\n\t\t\t\t<div class=\"elementor-element elementor-element-553abe8 elementor-widget elementor-widget-elementskit-social-media\" data-id=\"553abe8\" data-element_type=\"widget\" data-e-type=\"widget\" data-widget_type=\"elementskit-social-media.default\">\n\t\t\t\t<div class=\"elementor-widget-container\">\n\t\t\t\t\t<div class=\"ekit-wid-con\" >\t\t\t <ul class=\"ekit_social_media\">\n\t\t\t\t\t\t\t\t\t\t\t\t\t\t<li class=\"elementor-repeater-item-5eb0945\">\n\t\t\t\t\t    <a\n\t\t\t\t\t\thref=\"https:\/\/www.facebook.com\/contcavalcante01\" aria-label=\"Facebook\" class=\"facebook\" >\n\t\t\t\t\t\t\t\n\t\t\t\t\t\t\t<i aria-hidden=\"true\" class=\"icon icon-facebook\"><\/i>\n                                                                                                            <\/a>\n                    <\/li>\n                    \t\t\t\t\t\t\t\t\t\t\t\t\t\t<li class=\"elementor-repeater-item-e2aa959\">\n\t\t\t\t\t    <a\n\t\t\t\t\t\thref=\"https:\/\/www.instagram.com\/contcavalcante01\/\" aria-label=\"Instagram\" class=\"1\" >\n\t\t\t\t\t\t\t\n\t\t\t\t\t\t\t<i aria-hidden=\"true\" class=\"icon icon-instagram-1\"><\/i>\n                                                                                                            <\/a>\n                    <\/li>\n                    \t\t\t\t\t\t\t\t\t\t\t\t\t\t<li class=\"elementor-repeater-item-404d637\">\n\t\t\t\t\t    <a\n\t\t\t\t\t\thref=\"https:\/\/twitter.com\/@contcavalcante\" aria-label=\"Twitter\" class=\"twitter\" >\n\t\t\t\t\t\t\t\n\t\t\t\t\t\t\t<svg aria-hidden=\"true\" class=\"e-font-icon-svg e-fab-x-twitter\" viewBox=\"0 0 512 512\" xmlns=\"http:\/\/www.w3.org\/2000\/svg\"><path d=\"M389.2 48h70.6L305.6 224.2 487 464H345L233.7 318.6 106.5 464H35.8L200.7 275.5 26.8 48H172.4L272.9 180.9 389.2 48zM364.4 421.8h39.1L151.1 88h-42L364.4 421.8z\"><\/path><\/svg>\n                                                                                                            <\/a>\n                    <\/li>\n                    \t\t\t\t\t\t\t\t\t\t\t\t\t\t<li class=\"elementor-repeater-item-98fdd10\">\n\t\t\t\t\t    <a\n\t\t\t\t\t\thref=\"mailto:contato@contabilidadecavalcante.com.br\" aria-label=\"LinkedIn\" class=\"mail\" >\n\t\t\t\t\t\t\t\n\t\t\t\t\t\t\t<i aria-hidden=\"true\" class=\"icon icon-mail\"><\/i>\n                                                                                                            <\/a>\n                    <\/li>\n                    \t\t\t\t\t\t\t\t\t\t\t\t\t\t<li class=\"elementor-repeater-item-e9f752e\">\n\t\t\t\t\t    <a\n\t\t\t\t\t\thref=\"https:\/\/web.whatsapp.com\/send?phone=5511991191438\" aria-label=\"Dribble\" class=\"2\" >\n\t\t\t\t\t\t\t\n\t\t\t\t\t\t\t<i aria-hidden=\"true\" class=\"icon icon-whatsapp-2\"><\/i>\n                                                                                                            <\/a>\n                    <\/li>\n                    \t\t\t\t\t\t\t<\/ul>\n\t\t<\/div>\t\t\t\t<\/div>\n\t\t\t\t<\/div>\n\t\t\t\t<\/div>\n\t\t\t\t\t<\/div>\n\t\t\t\t<\/div>\n\t\t\t\t<\/div>\n\t\t","protected":false},"excerpt":{"rendered":"<p>Fale com uma Contabilidade Online Seja bem-vindo(a) \u00e0 Cavalcante Contabilidade! Falta pouco para nos tornarmos parceiros no cuidado com a sua empresa! Conte com a gente em todos os passos. Ou entre em contato conosco! Rua Sargento Ant\u00f4nio Vieira N\u00f3ia, 275 Itapevi, SP &#8211; 06693-080 011991191438 01147739626 Rua Sargento Ant\u00f4nio Vieira N\u00f3ia, 275 Itapevi, SP [&hellip;]<\/p>\n","protected":false},"author":1,"featured_media":862,"parent":0,"menu_order":0,"comment_status":"closed","ping_status":"closed","template":"elementor_header_footer","meta":{"zakra_sidebar_layout":"customizer","zakra_remove_content_margin":false,"zakra_sidebar":"customizer","zakra_transparent_header":"customizer","zakra_logo":0,"zakra_main_header_style":"default","zakra_menu_item_color":"","zakra_menu_item_hover_color":"","zakra_menu_item_active_color":"","zakra_menu_active_style":"","zakra_page_header":true,"pagelayer_contact_templates":[],"_pagelayer_content":"","footnotes":""},"class_list":["post-899","page","type-page","status-publish","has-post-thumbnail","hentry"],"yoast_head":"<!-- This site is optimized with the Yoast SEO plugin v27.5 - https:\/\/yoast.com\/product\/yoast-seo-wordpress\/ -->\n<title>Contabilidade Digital para Neg\u00f3cios Online | Cavalcante Contabilidade Digital<\/title>\n<meta name=\"description\" content=\"Contabilidade Digital para Neg\u00f3cios Online. Unimos tecnologia e intelig\u00eancia para oferecer o melhor servi\u00e7o de contabilidade!\" \/>\n<meta name=\"robots\" content=\"index, follow, max-snippet:-1, max-image-preview:large, max-video-preview:-1\" \/>\n<link rel=\"canonical\" href=\"https:\/\/contabilidadecavalcante.com.br\/home\/contabilidade-digital-para-negocios\/\" \/>\n<meta property=\"og:locale\" content=\"pt_PT\" \/>\n<meta property=\"og:type\" content=\"article\" \/>\n<meta property=\"og:title\" content=\"Contabilidade Digital para Neg\u00f3cios Online | Cavalcante Contabilidade Digital\" \/>\n<meta property=\"og:description\" content=\"Contabilidade Digital para Neg\u00f3cios Online. Unimos tecnologia e intelig\u00eancia para oferecer o melhor servi\u00e7o de contabilidade!\" \/>\n<meta property=\"og:url\" content=\"https:\/\/contabilidadecavalcante.com.br\/home\/contabilidade-digital-para-negocios\/\" \/>\n<meta property=\"og:site_name\" content=\"Contabilidade Digital para Neg\u00f3cios Online\" \/>\n<meta property=\"article:modified_time\" content=\"2025-05-14T21:06:05+00:00\" \/>\n<meta property=\"og:image\" content=\"https:\/\/contabilidadecavalcante.com.br\/home\/wp-content\/uploads\/2025\/05\/Novo-Projeto-2.png\" \/>\n\t<meta property=\"og:image:width\" content=\"1080\" \/>\n\t<meta property=\"og:image:height\" content=\"1080\" \/>\n\t<meta property=\"og:image:type\" content=\"image\/png\" \/>\n<meta name=\"twitter:card\" content=\"summary_large_image\" \/>\n<meta name=\"twitter:label1\" content=\"Tempo estimado de leitura\" \/>\n\t<meta name=\"twitter:data1\" content=\"1 minuto\" \/>\n<script type=\"application\/ld+json\" class=\"yoast-schema-graph\">{\"@context\":\"https:\\\/\\\/schema.org\",\"@graph\":[{\"@type\":\"WebPage\",\"@id\":\"https:\\\/\\\/contabilidadecavalcante.com.br\\\/home\\\/contabilidade-digital-para-negocios\\\/\",\"url\":\"https:\\\/\\\/contabilidadecavalcante.com.br\\\/home\\\/contabilidade-digital-para-negocios\\\/\",\"name\":\"Contabilidade Digital para Neg\u00f3cios Online | Cavalcante Contabilidade Digital\",\"isPartOf\":{\"@id\":\"https:\\\/\\\/contabilidadecavalcante.com.br\\\/home\\\/#website\"},\"primaryImageOfPage\":{\"@id\":\"https:\\\/\\\/contabilidadecavalcante.com.br\\\/home\\\/contabilidade-digital-para-negocios\\\/#primaryimage\"},\"image\":{\"@id\":\"https:\\\/\\\/contabilidadecavalcante.com.br\\\/home\\\/contabilidade-digital-para-negocios\\\/#primaryimage\"},\"thumbnailUrl\":\"https:\\\/\\\/contabilidadecavalcante.com.br\\\/home\\\/wp-content\\\/uploads\\\/2025\\\/05\\\/Novo-Projeto-2.png\",\"datePublished\":\"2025-05-14T19:21:14+00:00\",\"dateModified\":\"2025-05-14T21:06:05+00:00\",\"description\":\"Contabilidade Digital para Neg\u00f3cios Online. Unimos tecnologia e intelig\u00eancia para oferecer o melhor servi\u00e7o de contabilidade!\",\"breadcrumb\":{\"@id\":\"https:\\\/\\\/contabilidadecavalcante.com.br\\\/home\\\/contabilidade-digital-para-negocios\\\/#breadcrumb\"},\"inLanguage\":\"pt-PT\",\"potentialAction\":[{\"@type\":\"ReadAction\",\"target\":[\"https:\\\/\\\/contabilidadecavalcante.com.br\\\/home\\\/contabilidade-digital-para-negocios\\\/\"]}]},{\"@type\":\"ImageObject\",\"inLanguage\":\"pt-PT\",\"@id\":\"https:\\\/\\\/contabilidadecavalcante.com.br\\\/home\\\/contabilidade-digital-para-negocios\\\/#primaryimage\",\"url\":\"https:\\\/\\\/contabilidadecavalcante.com.br\\\/home\\\/wp-content\\\/uploads\\\/2025\\\/05\\\/Novo-Projeto-2.png\",\"contentUrl\":\"https:\\\/\\\/contabilidadecavalcante.com.br\\\/home\\\/wp-content\\\/uploads\\\/2025\\\/05\\\/Novo-Projeto-2.png\",\"width\":1080,\"height\":1080},{\"@type\":\"BreadcrumbList\",\"@id\":\"https:\\\/\\\/contabilidadecavalcante.com.br\\\/home\\\/contabilidade-digital-para-negocios\\\/#breadcrumb\",\"itemListElement\":[{\"@type\":\"ListItem\",\"position\":1,\"name\":\"In\u00edcio\",\"item\":\"https:\\\/\\\/contabilidadecavalcante.com.br\\\/home\\\/\"},{\"@type\":\"ListItem\",\"position\":2,\"name\":\"Contato\"}]},{\"@type\":\"WebSite\",\"@id\":\"https:\\\/\\\/contabilidadecavalcante.com.br\\\/home\\\/#website\",\"url\":\"https:\\\/\\\/contabilidadecavalcante.com.br\\\/home\\\/\",\"name\":\"Contabilidade Digital para Neg\u00f3cios Online\",\"description\":\"Cavalcante Contabilidade\",\"potentialAction\":[{\"@type\":\"SearchAction\",\"target\":{\"@type\":\"EntryPoint\",\"urlTemplate\":\"https:\\\/\\\/contabilidadecavalcante.com.br\\\/home\\\/?s={search_term_string}\"},\"query-input\":{\"@type\":\"PropertyValueSpecification\",\"valueRequired\":true,\"valueName\":\"search_term_string\"}}],\"inLanguage\":\"pt-PT\"}]}<\/script>\n<!-- \/ Yoast SEO plugin. -->","yoast_head_json":{"title":"Contabilidade Digital para Neg\u00f3cios Online | Cavalcante Contabilidade Digital","description":"Contabilidade Digital para Neg\u00f3cios Online. Unimos tecnologia e intelig\u00eancia para oferecer o melhor servi\u00e7o de contabilidade!","robots":{"index":"index","follow":"follow","max-snippet":"max-snippet:-1","max-image-preview":"max-image-preview:large","max-video-preview":"max-video-preview:-1"},"canonical":"https:\/\/contabilidadecavalcante.com.br\/home\/contabilidade-digital-para-negocios\/","og_locale":"pt_PT","og_type":"article","og_title":"Contabilidade Digital para Neg\u00f3cios Online | Cavalcante Contabilidade Digital","og_description":"Contabilidade Digital para Neg\u00f3cios Online. Unimos tecnologia e intelig\u00eancia para oferecer o melhor servi\u00e7o de contabilidade!","og_url":"https:\/\/contabilidadecavalcante.com.br\/home\/contabilidade-digital-para-negocios\/","og_site_name":"Contabilidade Digital para Neg\u00f3cios Online","article_modified_time":"2025-05-14T21:06:05+00:00","og_image":[{"width":1080,"height":1080,"url":"https:\/\/contabilidadecavalcante.com.br\/home\/wp-content\/uploads\/2025\/05\/Novo-Projeto-2.png","type":"image\/png"}],"twitter_card":"summary_large_image","twitter_misc":{"Tempo estimado de leitura":"1 minuto"},"schema":{"@context":"https:\/\/schema.org","@graph":[{"@type":"WebPage","@id":"https:\/\/contabilidadecavalcante.com.br\/home\/contabilidade-digital-para-negocios\/","url":"https:\/\/contabilidadecavalcante.com.br\/home\/contabilidade-digital-para-negocios\/","name":"Contabilidade Digital para Neg\u00f3cios Online | Cavalcante Contabilidade Digital","isPartOf":{"@id":"https:\/\/contabilidadecavalcante.com.br\/home\/#website"},"primaryImageOfPage":{"@id":"https:\/\/contabilidadecavalcante.com.br\/home\/contabilidade-digital-para-negocios\/#primaryimage"},"image":{"@id":"https:\/\/contabilidadecavalcante.com.br\/home\/contabilidade-digital-para-negocios\/#primaryimage"},"thumbnailUrl":"https:\/\/contabilidadecavalcante.com.br\/home\/wp-content\/uploads\/2025\/05\/Novo-Projeto-2.png","datePublished":"2025-05-14T19:21:14+00:00","dateModified":"2025-05-14T21:06:05+00:00","description":"Contabilidade Digital para Neg\u00f3cios Online. Unimos tecnologia e intelig\u00eancia para oferecer o melhor servi\u00e7o de contabilidade!","breadcrumb":{"@id":"https:\/\/contabilidadecavalcante.com.br\/home\/contabilidade-digital-para-negocios\/#breadcrumb"},"inLanguage":"pt-PT","potentialAction":[{"@type":"ReadAction","target":["https:\/\/contabilidadecavalcante.com.br\/home\/contabilidade-digital-para-negocios\/"]}]},{"@type":"ImageObject","inLanguage":"pt-PT","@id":"https:\/\/contabilidadecavalcante.com.br\/home\/contabilidade-digital-para-negocios\/#primaryimage","url":"https:\/\/contabilidadecavalcante.com.br\/home\/wp-content\/uploads\/2025\/05\/Novo-Projeto-2.png","contentUrl":"https:\/\/contabilidadecavalcante.com.br\/home\/wp-content\/uploads\/2025\/05\/Novo-Projeto-2.png","width":1080,"height":1080},{"@type":"BreadcrumbList","@id":"https:\/\/contabilidadecavalcante.com.br\/home\/contabilidade-digital-para-negocios\/#breadcrumb","itemListElement":[{"@type":"ListItem","position":1,"name":"In\u00edcio","item":"https:\/\/contabilidadecavalcante.com.br\/home\/"},{"@type":"ListItem","position":2,"name":"Contato"}]},{"@type":"WebSite","@id":"https:\/\/contabilidadecavalcante.com.br\/home\/#website","url":"https:\/\/contabilidadecavalcante.com.br\/home\/","name":"Contabilidade Digital para Neg\u00f3cios Online","description":"Cavalcante Contabilidade","potentialAction":[{"@type":"SearchAction","target":{"@type":"EntryPoint","urlTemplate":"https:\/\/contabilidadecavalcante.com.br\/home\/?s={search_term_string}"},"query-input":{"@type":"PropertyValueSpecification","valueRequired":true,"valueName":"search_term_string"}}],"inLanguage":"pt-PT"}]}},"_links":{"self":[{"href":"https:\/\/contabilidadecavalcante.com.br\/home\/wp-json\/wp\/v2\/pages\/899","targetHints":{"allow":["GET"]}}],"collection":[{"href":"https:\/\/contabilidadecavalcante.com.br\/home\/wp-json\/wp\/v2\/pages"}],"about":[{"href":"https:\/\/contabilidadecavalcante.com.br\/home\/wp-json\/wp\/v2\/types\/page"}],"author":[{"embeddable":true,"href":"https:\/\/contabilidadecavalcante.com.br\/home\/wp-json\/wp\/v2\/users\/1"}],"replies":[{"embeddable":true,"href":"https:\/\/contabilidadecavalcante.com.br\/home\/wp-json\/wp\/v2\/comments?post=899"}],"version-history":[{"count":10,"href":"https:\/\/contabilidadecavalcante.com.br\/home\/wp-json\/wp\/v2\/pages\/899\/revisions"}],"predecessor-version":[{"id":931,"href":"https:\/\/contabilidadecavalcante.com.br\/home\/wp-json\/wp\/v2\/pages\/899\/revisions\/931"}],"wp:featuredmedia":[{"embeddable":true,"href":"https:\/\/contabilidadecavalcante.com.br\/home\/wp-json\/wp\/v2\/media\/862"}],"wp:attachment":[{"href":"https:\/\/contabilidadecavalcante.com.br\/home\/wp-json\/wp\/v2\/media?parent=899"}],"curies":[{"name":"wp","href":"https:\/\/api.w.org\/{rel}","templated":true}]}}