{"id":999,"date":"2025-05-15T19:53:50","date_gmt":"2025-05-15T19:53:50","guid":{"rendered":"https:\/\/contabilidadecavalcante.com.br\/home\/?page_id=999"},"modified":"2025-05-15T19:58:27","modified_gmt":"2025-05-15T19:58:27","slug":"contabilidade-digital-para-negocios-online","status":"publish","type":"page","link":"https:\/\/contabilidadecavalcante.com.br\/home\/contabilidade-digital-para-negocios-online\/","title":{"rendered":"Sobre"},"content":{"rendered":"\t\t<div data-elementor-type=\"wp-page\" data-elementor-id=\"999\" class=\"elementor elementor-999\" data-elementor-post-type=\"page\">\n\t\t\t\t<div class=\"elementor-element elementor-element-fc9d689 e-flex e-con-boxed e-con e-parent\" data-id=\"fc9d689\" data-element_type=\"container\" data-e-type=\"container\" data-settings=\"{&quot;background_background&quot;:&quot;classic&quot;,&quot;shape_divider_bottom&quot;:&quot;waves&quot;}\">\n\t\t\t\t\t<div class=\"e-con-inner\">\n\t\t\t\t<div class=\"elementor-shape elementor-shape-bottom\" aria-hidden=\"true\" data-negative=\"false\">\n\t\t\t<svg xmlns=\"http:\/\/www.w3.org\/2000\/svg\" viewBox=\"0 0 1000 100\" preserveAspectRatio=\"none\">\n\t<path class=\"elementor-shape-fill\" d=\"M421.9,6.5c22.6-2.5,51.5,0.4,75.5,5.3c23.6,4.9,70.9,23.5,100.5,35.7c75.8,32.2,133.7,44.5,192.6,49.7\n\tc23.6,2.1,48.7,3.5,103.4-2.5c54.7-6,106.2-25.6,106.2-25.6V0H0v30.3c0,0,72,32.6,158.4,30.5c39.2-0.7,92.8-6.7,134-22.4\n\tc21.2-8.1,52.2-18.2,79.7-24.2C399.3,7.9,411.6,7.5,421.9,6.5z\"\/>\n<\/svg>\t\t<\/div>\n\t\t<div class=\"elementor-element elementor-element-7b5d1c5 e-con-full e-flex e-con e-child\" data-id=\"7b5d1c5\" data-element_type=\"container\" data-e-type=\"container\">\n\t\t\t\t<div class=\"elementor-element elementor-element-3f0f5d7 elementor-widget__width-initial elementor-widget elementor-widget-heading\" data-id=\"3f0f5d7\" data-element_type=\"widget\" data-e-type=\"widget\" data-widget_type=\"heading.default\">\n\t\t\t\t<div class=\"elementor-widget-container\">\n\t\t\t\t\t<h1 class=\"elementor-heading-title elementor-size-default\">Cavalcante<br>\nContabilidade Digital<\/h1>\t\t\t\t<\/div>\n\t\t\t\t<\/div>\n\t\t\t\t<\/div>\n\t\t\t\t\t<\/div>\n\t\t\t\t<\/div>\n\t\t<div class=\"elementor-element elementor-element-a1141f3 e-flex e-con-boxed e-con e-parent\" data-id=\"a1141f3\" data-element_type=\"container\" data-e-type=\"container\">\n\t\t\t\t\t<div class=\"e-con-inner\">\n\t\t\t\t<div class=\"elementor-element elementor-element-ff34482 elementor-widget elementor-widget-heading\" data-id=\"ff34482\" data-element_type=\"widget\" data-e-type=\"widget\" data-widget_type=\"heading.default\">\n\t\t\t\t<div class=\"elementor-widget-container\">\n\t\t\t\t\t<p class=\"elementor-heading-title elementor-size-default\">Confian\u00e7a e proximidade.<\/p>\t\t\t\t<\/div>\n\t\t\t\t<\/div>\n\t\t\t\t<div class=\"elementor-element elementor-element-70e6608 elementor-widget elementor-widget-text-editor\" data-id=\"70e6608\" data-element_type=\"widget\" data-e-type=\"widget\" data-widget_type=\"text-editor.default\">\n\t\t\t\t<div class=\"elementor-widget-container\">\n\t\t\t\t\t\t\t\t\t<p class=\"text-align-center\"><span class=\"\">A\u00a0<\/span><span class=\"\">Cavalcante Contabilidade\u00a0<\/span><span class=\"\">disponibiliza \u00e0 sua empresa todos os\u00a0<\/span>servi\u00e7os cont\u00e1beis online<span class=\"\">\u00a0que voc\u00ea precisa, al\u00e9m de diferenciais pensados exclusivamente para servir com excel\u00eancia. E oferece ainda algo a mais. A\u00a0<\/span><span class=\"\">Cavalcante Contabilidade\u00a0<\/span>proporciona um atendimento digital realmente pr\u00f3ximo, gerando a empatia e a confian\u00e7a t\u00e3o necess\u00e1rias nesse mercado.<\/p><p class=\"text-align-center\">\u00a0Est\u00e1 no DNA da<span class=\"\">\u00a0Cavalcante<\/span><span class=\"\">\u00a0manter-se atenta \u00e0s mudan\u00e7as tecnol\u00f3gicas. Por isso, a contabilidade possui a expertise necess\u00e1ria para trabalhar a fim de agilizar o andamento de processos e elaborar relat\u00f3rios completos para seus clientes. Sua pr\u00e9-disposi\u00e7\u00e3o para servir clientes de todo Brasil \u00e9 um dos fatores que tem proporcionado seu crescimento acentuado. Hoje, a\u00a0<\/span>Cavalcante Contabilidade<span class=\"\">\u00a0trabalha com colaboradores internos e externos, das mais diferentes \u00e1reas, possui ve\u00edculos pr\u00f3prios e, gra\u00e7as ao \u00f3timo servi\u00e7o que presta, atende uma carteira com centenas de clientes e com \u00edndice de reten\u00e7\u00e3o de mais de 90%.<\/span><\/p>\t\t\t\t\t\t\t\t<\/div>\n\t\t\t\t<\/div>\n\t\t\t\t<div class=\"elementor-element elementor-element-e9c998b elementor-widget-divider--view-line elementor-widget elementor-widget-divider\" data-id=\"e9c998b\" data-element_type=\"widget\" data-e-type=\"widget\" data-widget_type=\"divider.default\">\n\t\t\t\t<div class=\"elementor-widget-container\">\n\t\t\t\t\t\t\t<div class=\"elementor-divider\">\n\t\t\t<span class=\"elementor-divider-separator\">\n\t\t\t\t\t\t<\/span>\n\t\t<\/div>\n\t\t\t\t\t\t<\/div>\n\t\t\t\t<\/div>\n\t\t<div class=\"elementor-element elementor-element-a981140 e-con-full e-flex e-con e-child\" data-id=\"a981140\" data-element_type=\"container\" data-e-type=\"container\">\n\t\t<div class=\"elementor-element elementor-element-74d979e e-con-full e-flex e-con e-child\" data-id=\"74d979e\" data-element_type=\"container\" data-e-type=\"container\">\n\t\t\t\t<div class=\"elementor-element elementor-element-d47472d elementor-widget elementor-widget-heading\" data-id=\"d47472d\" data-element_type=\"widget\" data-e-type=\"widget\" data-widget_type=\"heading.default\">\n\t\t\t\t<div class=\"elementor-widget-container\">\n\t\t\t\t\t<p class=\"elementor-heading-title elementor-size-default\">\"Est\u00e1 no DNA da Cavalcante manter-se atenta \u00e0s mudan\u00e7as tecnol\u00f3gicas.\"<\/p>\t\t\t\t<\/div>\n\t\t\t\t<\/div>\n\t\t\t\t<\/div>\n\t\t<div class=\"elementor-element elementor-element-69e03e8 e-con-full e-flex e-con e-child\" data-id=\"69e03e8\" data-element_type=\"container\" data-e-type=\"container\">\n\t\t\t\t<div class=\"elementor-element elementor-element-45dda19 elementor-widget elementor-widget-text-editor\" data-id=\"45dda19\" data-element_type=\"widget\" data-e-type=\"widget\" data-widget_type=\"text-editor.default\">\n\t\t\t\t<div class=\"elementor-widget-container\">\n\t\t\t\t\t\t\t\t\t<p>A Cavalcante Contabilidade atua h\u00e1 mais de 20 anos\u00a0 e est\u00e1 pronta para atender toda sua demanda de servi\u00e7os cont\u00e1beis com excel\u00eancia, seguran\u00e7a e, acima de tudo, satisfa\u00e7\u00e3o.<\/p>\t\t\t\t\t\t\t\t<\/div>\n\t\t\t\t<\/div>\n\t\t\t\t<\/div>\n\t\t\t\t<\/div>\n\t\t\t\t\t<\/div>\n\t\t\t\t<\/div>\n\t\t<div class=\"elementor-element elementor-element-883ed57 e-flex e-con-boxed e-con e-parent\" data-id=\"883ed57\" data-element_type=\"container\" data-e-type=\"container\">\n\t\t\t\t\t<div class=\"e-con-inner\">\n\t\t<div class=\"elementor-element elementor-element-11ae65b e-con-full e-flex e-con e-child\" data-id=\"11ae65b\" data-element_type=\"container\" data-e-type=\"container\" data-settings=\"{&quot;background_background&quot;:&quot;classic&quot;}\">\n\t\t\t\t<\/div>\n\t\t<div class=\"elementor-element elementor-element-157b1d1 e-con-full e-flex e-con e-child\" data-id=\"157b1d1\" data-element_type=\"container\" data-e-type=\"container\">\n\t\t\t\t<div class=\"elementor-element elementor-element-37112e4 elementor-widget elementor-widget-heading\" data-id=\"37112e4\" data-element_type=\"widget\" data-e-type=\"widget\" data-widget_type=\"heading.default\">\n\t\t\t\t<div class=\"elementor-widget-container\">\n\t\t\t\t\t<p class=\"elementor-heading-title elementor-size-default\">Nossa Vis\u00e3o\n<\/p>\t\t\t\t<\/div>\n\t\t\t\t<\/div>\n\t\t\t\t<div class=\"elementor-element elementor-element-dfd5c85 elementor-position-inline-start elementor-view-default elementor-mobile-position-block-start elementor-widget elementor-widget-icon-box\" data-id=\"dfd5c85\" data-element_type=\"widget\" data-e-type=\"widget\" data-widget_type=\"icon-box.default\">\n\t\t\t\t<div class=\"elementor-widget-container\">\n\t\t\t\t\t\t\t<div class=\"elementor-icon-box-wrapper\">\n\n\t\t\t\t\t\t<div class=\"elementor-icon-box-icon\">\n\t\t\t\t<span  class=\"elementor-icon\">\n\t\t\t\t<i aria-hidden=\"true\" class=\"icon icon-Target\"><\/i>\t\t\t\t<\/span>\n\t\t\t<\/div>\n\t\t\t\n\t\t\t\t\t\t<div class=\"elementor-icon-box-content\">\n\n\t\t\t\t\t\t\t\t\t<h3 class=\"elementor-icon-box-title\">\n\t\t\t\t\t\t<span  >\n\t\t\t\t\t\t\tFoco no Cliente\t\t\t\t\t\t<\/span>\n\t\t\t\t\t<\/h3>\n\t\t\t\t\n\t\t\t\t\t\t\t\t\t<p class=\"elementor-icon-box-description\">\n\t\t\t\t\t\tFoco no cliente e no crescimento sustent\u00e1vel. A vis\u00e3o da Cavalcante Contabilidade \u00e9 crescer, mas crescer em harmonia com a comunidade e, principalmente, crescer junto com seus clientes. \t\t\t\t\t<\/p>\n\t\t\t\t\n\t\t\t<\/div>\n\t\t\t\n\t\t<\/div>\n\t\t\t\t\t\t<\/div>\n\t\t\t\t<\/div>\n\t\t\t\t<div class=\"elementor-element elementor-element-528698c elementor-position-inline-start elementor-view-default elementor-mobile-position-block-start elementor-widget elementor-widget-icon-box\" data-id=\"528698c\" data-element_type=\"widget\" data-e-type=\"widget\" data-widget_type=\"icon-box.default\">\n\t\t\t\t<div class=\"elementor-widget-container\">\n\t\t\t\t\t\t\t<div class=\"elementor-icon-box-wrapper\">\n\n\t\t\t\t\t\t<div class=\"elementor-icon-box-icon\">\n\t\t\t\t<span  class=\"elementor-icon\">\n\t\t\t\t<i aria-hidden=\"true\" class=\"icon icon-graph-2\"><\/i>\t\t\t\t<\/span>\n\t\t\t<\/div>\n\t\t\t\n\t\t\t\t\t\t<div class=\"elementor-icon-box-content\">\n\n\t\t\t\t\t\t\t\t\t<h3 class=\"elementor-icon-box-title\">\n\t\t\t\t\t\t<span  >\n\t\t\t\t\t\t\tCrescimento \u00e9 igual a Sucesso\t\t\t\t\t\t<\/span>\n\t\t\t\t\t<\/h3>\n\t\t\t\t\n\t\t\t\t\t\t\t\t\t<p class=\"elementor-icon-box-description\">\n\t\t\t\t\t\tAcreditamos que o crescimento s\u00f3 \u00e9 sin\u00f4nimo de sucesso quando podemos atingir novos patamares juntamente com nossos parceiros. Por esse motivo, a Cavalcante Contabilidade procura cada dia melhorar seus servi\u00e7os, a fim de evoluir cada vez mais em qualidade.  At\u00e9 porque, havendo qualidade, o crescimento \u00e9 apenas uma quest\u00e3o de tempo.\t\t\t\t\t<\/p>\n\t\t\t\t\n\t\t\t<\/div>\n\t\t\t\n\t\t<\/div>\n\t\t\t\t\t\t<\/div>\n\t\t\t\t<\/div>\n\t\t\t\t<\/div>\n\t\t\t\t\t<\/div>\n\t\t\t\t<\/div>\n\t\t\t\t<\/div>\n\t\t","protected":false},"excerpt":{"rendered":"<p>Cavalcante Contabilidade Digital Confian\u00e7a e proximidade. A\u00a0Cavalcante Contabilidade\u00a0disponibiliza \u00e0 sua empresa todos os\u00a0servi\u00e7os cont\u00e1beis online\u00a0que voc\u00ea precisa, al\u00e9m de diferenciais pensados exclusivamente para servir com excel\u00eancia. E oferece ainda algo a mais. A\u00a0Cavalcante Contabilidade\u00a0proporciona um atendimento digital realmente pr\u00f3ximo, gerando a empatia e a confian\u00e7a t\u00e3o necess\u00e1rias nesse mercado. \u00a0Est\u00e1 no DNA da\u00a0Cavalcante\u00a0manter-se atenta \u00e0s [&hellip;]<\/p>\n","protected":false},"author":1,"featured_media":862,"parent":0,"menu_order":0,"comment_status":"closed","ping_status":"closed","template":"elementor_header_footer","meta":{"zakra_sidebar_layout":"customizer","zakra_remove_content_margin":false,"zakra_sidebar":"customizer","zakra_transparent_header":"customizer","zakra_logo":0,"zakra_main_header_style":"default","zakra_menu_item_color":"","zakra_menu_item_hover_color":"","zakra_menu_item_active_color":"","zakra_menu_active_style":"","zakra_page_header":true,"pagelayer_contact_templates":[],"_pagelayer_content":"","footnotes":""},"class_list":["post-999","page","type-page","status-publish","has-post-thumbnail","hentry"],"yoast_head":"<!-- This site is optimized with the Yoast SEO plugin v27.5 - https:\/\/yoast.com\/product\/yoast-seo-wordpress\/ -->\n<title>Contabilidade Digital para Neg\u00f3cios Online | Cavalcante Contabilidade Digital<\/title>\n<meta name=\"description\" content=\"Contabilidade Digital para Neg\u00f3cios Online. Unimos tecnologia e intelig\u00eancia para oferecer o melhor servi\u00e7o de contabilidade!\" \/>\n<meta name=\"robots\" content=\"index, follow, max-snippet:-1, max-image-preview:large, max-video-preview:-1\" \/>\n<link rel=\"canonical\" href=\"https:\/\/contabilidadecavalcante.com.br\/home\/contabilidade-digital-para-negocios-online\/\" \/>\n<meta property=\"og:locale\" content=\"pt_PT\" \/>\n<meta property=\"og:type\" content=\"article\" \/>\n<meta property=\"og:title\" content=\"Contabilidade Digital para Neg\u00f3cios Online | Cavalcante Contabilidade Digital\" \/>\n<meta property=\"og:description\" content=\"Contabilidade Digital para Neg\u00f3cios Online. Unimos tecnologia e intelig\u00eancia para oferecer o melhor servi\u00e7o de contabilidade!\" \/>\n<meta property=\"og:url\" content=\"https:\/\/contabilidadecavalcante.com.br\/home\/contabilidade-digital-para-negocios-online\/\" \/>\n<meta property=\"og:site_name\" content=\"Contabilidade Digital para Neg\u00f3cios Online\" \/>\n<meta property=\"article:modified_time\" content=\"2025-05-15T19:58:27+00:00\" \/>\n<meta property=\"og:image\" content=\"https:\/\/contabilidadecavalcante.com.br\/home\/wp-content\/uploads\/2025\/05\/Novo-Projeto-2.png\" \/>\n\t<meta property=\"og:image:width\" content=\"1080\" \/>\n\t<meta property=\"og:image:height\" content=\"1080\" \/>\n\t<meta property=\"og:image:type\" content=\"image\/png\" \/>\n<meta name=\"twitter:card\" content=\"summary_large_image\" \/>\n<meta name=\"twitter:label1\" content=\"Tempo estimado de leitura\" \/>\n\t<meta name=\"twitter:data1\" content=\"2 minutos\" \/>\n<script type=\"application\/ld+json\" class=\"yoast-schema-graph\">{\"@context\":\"https:\\\/\\\/schema.org\",\"@graph\":[{\"@type\":\"WebPage\",\"@id\":\"https:\\\/\\\/contabilidadecavalcante.com.br\\\/home\\\/contabilidade-digital-para-negocios-online\\\/\",\"url\":\"https:\\\/\\\/contabilidadecavalcante.com.br\\\/home\\\/contabilidade-digital-para-negocios-online\\\/\",\"name\":\"Contabilidade Digital para Neg\u00f3cios Online | Cavalcante Contabilidade Digital\",\"isPartOf\":{\"@id\":\"https:\\\/\\\/contabilidadecavalcante.com.br\\\/home\\\/#website\"},\"primaryImageOfPage\":{\"@id\":\"https:\\\/\\\/contabilidadecavalcante.com.br\\\/home\\\/contabilidade-digital-para-negocios-online\\\/#primaryimage\"},\"image\":{\"@id\":\"https:\\\/\\\/contabilidadecavalcante.com.br\\\/home\\\/contabilidade-digital-para-negocios-online\\\/#primaryimage\"},\"thumbnailUrl\":\"https:\\\/\\\/contabilidadecavalcante.com.br\\\/home\\\/wp-content\\\/uploads\\\/2025\\\/05\\\/Novo-Projeto-2.png\",\"datePublished\":\"2025-05-15T19:53:50+00:00\",\"dateModified\":\"2025-05-15T19:58:27+00:00\",\"description\":\"Contabilidade Digital para Neg\u00f3cios Online. Unimos tecnologia e intelig\u00eancia para oferecer o melhor servi\u00e7o de contabilidade!\",\"breadcrumb\":{\"@id\":\"https:\\\/\\\/contabilidadecavalcante.com.br\\\/home\\\/contabilidade-digital-para-negocios-online\\\/#breadcrumb\"},\"inLanguage\":\"pt-PT\",\"potentialAction\":[{\"@type\":\"ReadAction\",\"target\":[\"https:\\\/\\\/contabilidadecavalcante.com.br\\\/home\\\/contabilidade-digital-para-negocios-online\\\/\"]}]},{\"@type\":\"ImageObject\",\"inLanguage\":\"pt-PT\",\"@id\":\"https:\\\/\\\/contabilidadecavalcante.com.br\\\/home\\\/contabilidade-digital-para-negocios-online\\\/#primaryimage\",\"url\":\"https:\\\/\\\/contabilidadecavalcante.com.br\\\/home\\\/wp-content\\\/uploads\\\/2025\\\/05\\\/Novo-Projeto-2.png\",\"contentUrl\":\"https:\\\/\\\/contabilidadecavalcante.com.br\\\/home\\\/wp-content\\\/uploads\\\/2025\\\/05\\\/Novo-Projeto-2.png\",\"width\":1080,\"height\":1080},{\"@type\":\"BreadcrumbList\",\"@id\":\"https:\\\/\\\/contabilidadecavalcante.com.br\\\/home\\\/contabilidade-digital-para-negocios-online\\\/#breadcrumb\",\"itemListElement\":[{\"@type\":\"ListItem\",\"position\":1,\"name\":\"In\u00edcio\",\"item\":\"https:\\\/\\\/contabilidadecavalcante.com.br\\\/home\\\/\"},{\"@type\":\"ListItem\",\"position\":2,\"name\":\"Sobre\"}]},{\"@type\":\"WebSite\",\"@id\":\"https:\\\/\\\/contabilidadecavalcante.com.br\\\/home\\\/#website\",\"url\":\"https:\\\/\\\/contabilidadecavalcante.com.br\\\/home\\\/\",\"name\":\"Contabilidade Digital para Neg\u00f3cios Online\",\"description\":\"Cavalcante Contabilidade\",\"potentialAction\":[{\"@type\":\"SearchAction\",\"target\":{\"@type\":\"EntryPoint\",\"urlTemplate\":\"https:\\\/\\\/contabilidadecavalcante.com.br\\\/home\\\/?s={search_term_string}\"},\"query-input\":{\"@type\":\"PropertyValueSpecification\",\"valueRequired\":true,\"valueName\":\"search_term_string\"}}],\"inLanguage\":\"pt-PT\"}]}<\/script>\n<!-- \/ Yoast SEO plugin. -->","yoast_head_json":{"title":"Contabilidade Digital para Neg\u00f3cios Online | Cavalcante Contabilidade Digital","description":"Contabilidade Digital para Neg\u00f3cios Online. Unimos tecnologia e intelig\u00eancia para oferecer o melhor servi\u00e7o de contabilidade!","robots":{"index":"index","follow":"follow","max-snippet":"max-snippet:-1","max-image-preview":"max-image-preview:large","max-video-preview":"max-video-preview:-1"},"canonical":"https:\/\/contabilidadecavalcante.com.br\/home\/contabilidade-digital-para-negocios-online\/","og_locale":"pt_PT","og_type":"article","og_title":"Contabilidade Digital para Neg\u00f3cios Online | Cavalcante Contabilidade Digital","og_description":"Contabilidade Digital para Neg\u00f3cios Online. Unimos tecnologia e intelig\u00eancia para oferecer o melhor servi\u00e7o de contabilidade!","og_url":"https:\/\/contabilidadecavalcante.com.br\/home\/contabilidade-digital-para-negocios-online\/","og_site_name":"Contabilidade Digital para Neg\u00f3cios Online","article_modified_time":"2025-05-15T19:58:27+00:00","og_image":[{"width":1080,"height":1080,"url":"https:\/\/contabilidadecavalcante.com.br\/home\/wp-content\/uploads\/2025\/05\/Novo-Projeto-2.png","type":"image\/png"}],"twitter_card":"summary_large_image","twitter_misc":{"Tempo estimado de leitura":"2 minutos"},"schema":{"@context":"https:\/\/schema.org","@graph":[{"@type":"WebPage","@id":"https:\/\/contabilidadecavalcante.com.br\/home\/contabilidade-digital-para-negocios-online\/","url":"https:\/\/contabilidadecavalcante.com.br\/home\/contabilidade-digital-para-negocios-online\/","name":"Contabilidade Digital para Neg\u00f3cios Online | Cavalcante Contabilidade Digital","isPartOf":{"@id":"https:\/\/contabilidadecavalcante.com.br\/home\/#website"},"primaryImageOfPage":{"@id":"https:\/\/contabilidadecavalcante.com.br\/home\/contabilidade-digital-para-negocios-online\/#primaryimage"},"image":{"@id":"https:\/\/contabilidadecavalcante.com.br\/home\/contabilidade-digital-para-negocios-online\/#primaryimage"},"thumbnailUrl":"https:\/\/contabilidadecavalcante.com.br\/home\/wp-content\/uploads\/2025\/05\/Novo-Projeto-2.png","datePublished":"2025-05-15T19:53:50+00:00","dateModified":"2025-05-15T19:58:27+00:00","description":"Contabilidade Digital para Neg\u00f3cios Online. Unimos tecnologia e intelig\u00eancia para oferecer o melhor servi\u00e7o de contabilidade!","breadcrumb":{"@id":"https:\/\/contabilidadecavalcante.com.br\/home\/contabilidade-digital-para-negocios-online\/#breadcrumb"},"inLanguage":"pt-PT","potentialAction":[{"@type":"ReadAction","target":["https:\/\/contabilidadecavalcante.com.br\/home\/contabilidade-digital-para-negocios-online\/"]}]},{"@type":"ImageObject","inLanguage":"pt-PT","@id":"https:\/\/contabilidadecavalcante.com.br\/home\/contabilidade-digital-para-negocios-online\/#primaryimage","url":"https:\/\/contabilidadecavalcante.com.br\/home\/wp-content\/uploads\/2025\/05\/Novo-Projeto-2.png","contentUrl":"https:\/\/contabilidadecavalcante.com.br\/home\/wp-content\/uploads\/2025\/05\/Novo-Projeto-2.png","width":1080,"height":1080},{"@type":"BreadcrumbList","@id":"https:\/\/contabilidadecavalcante.com.br\/home\/contabilidade-digital-para-negocios-online\/#breadcrumb","itemListElement":[{"@type":"ListItem","position":1,"name":"In\u00edcio","item":"https:\/\/contabilidadecavalcante.com.br\/home\/"},{"@type":"ListItem","position":2,"name":"Sobre"}]},{"@type":"WebSite","@id":"https:\/\/contabilidadecavalcante.com.br\/home\/#website","url":"https:\/\/contabilidadecavalcante.com.br\/home\/","name":"Contabilidade Digital para Neg\u00f3cios Online","description":"Cavalcante Contabilidade","potentialAction":[{"@type":"SearchAction","target":{"@type":"EntryPoint","urlTemplate":"https:\/\/contabilidadecavalcante.com.br\/home\/?s={search_term_string}"},"query-input":{"@type":"PropertyValueSpecification","valueRequired":true,"valueName":"search_term_string"}}],"inLanguage":"pt-PT"}]}},"_links":{"self":[{"href":"https:\/\/contabilidadecavalcante.com.br\/home\/wp-json\/wp\/v2\/pages\/999","targetHints":{"allow":["GET"]}}],"collection":[{"href":"https:\/\/contabilidadecavalcante.com.br\/home\/wp-json\/wp\/v2\/pages"}],"about":[{"href":"https:\/\/contabilidadecavalcante.com.br\/home\/wp-json\/wp\/v2\/types\/page"}],"author":[{"embeddable":true,"href":"https:\/\/contabilidadecavalcante.com.br\/home\/wp-json\/wp\/v2\/users\/1"}],"replies":[{"embeddable":true,"href":"https:\/\/contabilidadecavalcante.com.br\/home\/wp-json\/wp\/v2\/comments?post=999"}],"version-history":[{"count":4,"href":"https:\/\/contabilidadecavalcante.com.br\/home\/wp-json\/wp\/v2\/pages\/999\/revisions"}],"predecessor-version":[{"id":1003,"href":"https:\/\/contabilidadecavalcante.com.br\/home\/wp-json\/wp\/v2\/pages\/999\/revisions\/1003"}],"wp:featuredmedia":[{"embeddable":true,"href":"https:\/\/contabilidadecavalcante.com.br\/home\/wp-json\/wp\/v2\/media\/862"}],"wp:attachment":[{"href":"https:\/\/contabilidadecavalcante.com.br\/home\/wp-json\/wp\/v2\/media?parent=999"}],"curies":[{"name":"wp","href":"https:\/\/api.w.org\/{rel}","templated":true}]}}